63. Let l(t) = -8*t + 1. Let k be l(-4). What is the highest common factor of k and h?
11
Let f(d) = 308*d**2 - 16*d + 22. Let m be f(2). What is the highest common factor of m and 376?
94
Suppose -2*q + 2*g + 1 = g, -5*q - g = -6. Let l be 804/16 - q/4. Let t be 800/(-360)*(-9 - 0). What is the greatest common factor of t and l?
10
Suppose 3*h = -9, 0 = 4*u - 0*u + 2*h - 50. Suppose -b - 4*s = -134, -36 = -2*b + s + 277. Calculate the highest common factor of b and u.
14
Let z(w) = -6*w**2 + 167*w + 392. Let p be z(30). Let l be 3/6*-2*5. Let s(r) = -2*r - 7. Let c be s(l). What is the greatest common divisor of c and p?
1
Let o(r) = r**3 - r**2 - 9*r - 7. Let f be o(4). Suppose 2*w - 2 = -4*b, 11 = f*b - 9*w + 3*w. Calculate the highest common divisor of 3 and b.
1
Let h(k) = -4*k + 10. Let w be h(-1). Let n = -508 + 896. Suppose -3*s + 2*f + 626 = 2*s, -3*s - 5*f + n = 0. What is the highest common factor of s and w?
14
Let c(q) = -q**3 + 21*q**2 - 16*q + 48. Let d be c(20). What is the highest common factor of 96 and d?
32
Let r = 499 + -230. Let v = r - 189. What is the greatest common divisor of 30 and v?
10
Let t(j) = 32*j**3 + 3*j**2 + 2*j + 2. Let u be t(-2). Let y = 85 + u. Let l be (y + -1)*(3 - (-5 - -9)). What is the greatest common divisor of 54 and l?
54
Suppose -18 = 3*s - 333. Suppose -2 = 74*n - 73*n. Let m be n - 228/(-10) - 1/(-5). Calculate the highest common factor of s and m.
21
Let v(h) = 3*h**2 - 16*h + 28. Let w be v(12). Suppose 5*f - 12 = w. Let d = 23 + -15. Calculate the highest common divisor of d and f.
8
Suppose 4*x - 266 = -3*f, -2*f - 188 = -4*x - 412. What is the highest common divisor of f and 126?
14
Suppose -667*t = -678*t + 143. What is the highest common divisor of t and 9958?
13
Let y = 34 + -28. Suppose 42*a + y = 45*a. Suppose 5*h - a*n = -2 + 42, 0 = -4*h + 4*n + 44. What is the highest common factor of h and 6?
6
Suppose -3*c - 1172 = -2*x, 287*x - 291*x + 2356 = -3*c. Calculate the greatest common factor of 144 and x.
16
Suppose 5*j - 3 = -9*u + 10*u, 0 = -4*u + 4*j - 12. Let n be (-10)/(-5)*(174/3 + u). Calculate the highest common divisor of 80 and n.
10
Suppose -58*k - 102 = -2*n - 55*k, -k = 3*n - 142. Let d be 4/(-10) - 124/(-10). What is the greatest common divisor of n and d?
12
Let a = 414 + -416. Let u(r) = -7*r**3 + 3*r**2 + 9*r + 10. Let v be u(a). What is the greatest common factor of v and 690?
30
Let l be (-15 - -7)/(2*1) - -4. Suppose l = 9*q - 324 + 126. Calculate the highest common factor of 22 and q.
22
Suppose 16*a = -5*a + 5082. Let r = a + -237. What is the greatest common factor of r and 3?
1
Suppose 0 = 4*w - 4*t - 2084, 5*w + t + 54 - 2641 = 0. Calculate the highest common divisor of 210 and w.
14
Suppose -2*i + 3*i = 2*n + 23, 3*n - 60 = -2*i. Suppose 131 - 14283 - 752 = -69*o. What is the highest common divisor of o and i?
27
Let q = 535 + -266. Let g = -173 + q. Let o = g + -6. Calculate the greatest common factor of 10 and o.
10
Let l = -15 - -53. Suppose -3 = -p + 5*g, 5*p - 5*g - l = -3*g. Suppose 17*y = 18*y - 8. Calculate the highest common divisor of p and y.
8
Suppose 0 = 2*t - 3*t + 19. Let l(f) = -149*f - 816. Let y be l(-13). What is the greatest common factor of y and t?
19
Let c(g) = g**3 - 5*g**2 + 12*g - 27. Suppose 9*m = -37 + 82. Let y be c(m). Calculate the highest common factor of 176 and y.
11
Let v = 5969 + -5948. Suppose 4*p - 3*p - 651 = 0. Let n = p + -420. What is the highest common factor of v and n?
21
Suppose -196 = -23*s - 794. Let v(p) = -p + 51. Let i be v(s). What is the highest common divisor of 55 and i?
11
Suppose -4*v - 4104 = 52*f - 54*f, -4*f = -2*v - 8196. What is the highest common factor of 384 and f?
128
Let o(g) = 7*g - 64. Suppose 0 = 2*l - 8, -4*k - l + 19 = -37. Let d be o(k). Calculate the highest common factor of d and 3.
3
Let d(r) = 7*r**2 - 12*r - 20. Let p be d(4). Let t be p + (-5)/10*-2 - 1. Let s be (-1 - 21)/((-2)/32). What is the greatest common divisor of t and s?
44
Suppose -v - 4 = -1, 63 = 2*q + v. Suppose 5*n - q + 3 = 0. Suppose -n*t + 160 = -4*t. Calculate the highest common factor of 20 and t.
20
Let b(g) = 52*g**3 - 2*g**2 + g + 1. Let q be b(1). What is the highest common divisor of q and 637?
13
Let u(v) = -21*v - 2. Let g(k) = k**2 - 92*k + 2. Let p(t) = g(t) - 4*u(t). Let i be 4*2 - 2/2. Let f be p(i). What is the greatest common divisor of 2 and f?
1
Let b be 16*60/(-168) + (-2)/7. Let y be ((-45)/b)/(1/14). Let z be (3/2)/((-1)/(-14)). What is the greatest common factor of y and z?
21
Suppose -b + 955 = 5*r - 1045, -3*b + 400 = r. What is the highest common divisor of r and 336?
16
Let y(z) = 3*z + 54. Let h be y(-10). Let k be (2 + (2 - 2))*156. What is the greatest common factor of k and h?
24
Let p = 121 + -93. Let c be p/98 - (-750)/21. What is the greatest common factor of 4 and c?
4
Let p(r) = 10*r**2 - 29*r - 27*r**2 + 26 + 33*r**2 - r**3. Let q be p(14). What is the highest common factor of q and 6?
6
Let d = -841 - -994. Let g(w) = 2*w**3 - 4*w**2 - 4*w. Let k be g(4). Suppose 2*t = -14 + k. What is the greatest common divisor of d and t?
17
Let i(a) = -a**3 - 13*a**2 - a - 8. Let t be i(-13). Suppose t*w - v = 273, 25*w + 175 = 28*w + 5*v. Calculate the greatest common factor of 55 and w.
55
Let t(a) = -9 + 5*a - 4 - 5 - 16. Let d be t(9). Suppose -d*s = -36 - 85. Calculate the greatest common divisor of s and 99.
11
Let c = 12 + -14. Let t be (-52)/(-78)*(-15)/c. Let o(d) = 2*d**2 + 8. Let u be o(-6). What is the greatest common divisor of t and u?
5
Suppose 0*l - 109 = -5*a - 4*l, -2*a = -l - 41. Suppose 0 = k - b, -k + 2*b = -1 + 4. Let i be (-7)/k*(3 + -6). Calculate the highest common divisor of i and a.
7
Suppose v = x - 251, 5*x - 3*v - 1234 = -5*v. Let l be 7 + 1566/(-234) - 2414/(-13). Calculate the greatest common divisor of l and x.
62
Suppose 5*y - 15 = -2*p, 0 = 5*y - 9 - 6. Suppose 2*s - 3*w - 131 = p, -5*s + 20*w - 16*w = -324. Calculate the highest common divisor of s and 64.
64
Let t = -8010 - -8155. What is the highest common divisor of 5365 and t?
145
Let y(p) = 10*p**3 + 2*p**2 - p + 1. Let u be y(1). Suppose 9*a - 8*a = -u. Let t = 19 + a. What is the highest common factor of t and 77?
7
Let r = -14898 + 14940. What is the highest common factor of 10598 and r?
14
Let q be -45*(-1 + 16/20)*-18. Let x = q + 174. Let u = -24 + 36. Calculate the greatest common factor of u and x.
12
Let t be (3 - 2) + (-22)/(-2). Let a = 121 + -189. Let b = a + 80. Calculate the highest common divisor of t and b.
12
Let b = -1501 - -2712. Suppose -b = -17*j + 2597. Calculate the highest common factor of 24 and j.
8
Let x(v) = -161*v - 1922. Let a be x(-12). Calculate the highest common divisor of 2390 and a.
10
Suppose 0*v + 255 = s - v, -3*s = 5*v - 797. Suppose -2*q = -7*c - 0*q - 5*q + 262, 0 = 5*q - 5. Calculate the highest common divisor of s and c.
37
Let z = 821 + -374. Let q = z + -273. What is the greatest common factor of 6 and q?
6
Let j(s) be the first derivative of 7*s**3/3 - s**2/2 + 42*s - 13. Let y be j(-10). What is the highest common divisor of 47 and y?
47
Let k be 19 + -4 + 2 + 3. Let z be 3/(-2 + (-19)/(-8)). What is the greatest common divisor of z and k?
4
Suppose -12 + 20 = 4*i, 0 = 3*p + 5*i - 15328. What is the highest common divisor of p and 138?
138
Let p = 1448 + -1420. Suppose 152 = g + 12. Calculate the greatest common factor of p and g.
28
Let d(l) = -l**2 - 16*l - 18. Let k(n) = -n**3 - 33*n**2 - 63*n - 45. Let r be k(-31). Let g be d(r). Calculate the greatest common divisor of 130 and g.
10
Let p(l) = -3*l - 6*l + 3 - 19*l + 3*l. Let r(s) = -74*s + 8. Let k(b) = 11*p(b) - 4*r(b). Let m be k(1). Calculate the highest common divisor of m and 2.
2
Let q(d) = d**3 + 5*d**2 - 3*d + 3. Let w be q(-5). Let r = 223 - 72. Let u = 178 - r. What is the greatest common factor of w and u?
9
Suppose 1140 = -20*c - 900. Let r be -2 + 1 + c/(-6). What is the highest common factor of r and 24?
8
Let o be 10*(1 + -2)*(-345 + -1). What is the greatest common factor of 80 and o?
20
Let z(y) = y**2 + 22*y - 12. Let a be z(6). Let o = 100 + -94. Let i be 0 - -1 - 72/o*-1. What is the greatest common divisor of a and i?
13
Let p(v) = -6*v - 96. Let j be p(16). Let g = -27 - 